se 16
6a71
What is 96a (base 15) in base 9?
2821
What is 2477 (base 9) in base 13?
ac6
2a26b (base 12) to base 2
1110011011110011
Convert -b4a (base 12) to base 3.
-2020211
111011000 (base 2) to base 13
2a4
What is 1203 (base 12) in base 13?
bc4
What is 11101110001001 (base 2) in base 7?
62302
Convert -3464 (base 8) to base 13.
-abb
What is 571 (base 11) in base 16?
2ab
3c67 (base 14) to base 5
320200
Convert -101121222 (base 3) to base 11.
-5904
What is 249 (base 16) in base 8?
1111
What is 14121 (base 7) in base 14?
1581
3537 (base 10) to base 6
24213
What is 222001 (base 3) in base 15?
31d
Convert 95e (base 16) to base 7.
6664
What is 1085 (base 13) in base 8?
4402
Convert 5020 (base 10) to base 16.
139c
100030330 (base 4) to base 5
4110424
e3 (base 15) to base 7
423
11010010010100 (base 2) to base 4
3102110
Convert 581 (base 11) to base 12.
49a
Convert -2a80 (base 12) to base 5.
-124432
153 (base 12) to base 10
207
-594 (base 10) to base 7
-1506
523 (base 6) to base 16
c3
What is -105534 (base 7) in base 15?
-587c
Convert 49d (base 15) to base 12.
734
What is -100011101000 (base 2) in base 4?
-203220
Convert -19b1 (base 13) to base 4.
-330112
-12041 (base 5) to base 6
-4052
Convert -1012111 (base 3) to base 13.
-526
What is 88da (base 14) in base 11?
168a7
What is 8a7 (base 13) in base 14?
785
What is -101001010110 (base 2) in base 11?
-1a96
What is 112100 (base 3) in base 15?
1ac
Convert -1000010001000011 (base 2) to base 13.
-12547
7458 (base 9) to base 7
21656
What is 3143b (base 12) in base 7?
356135
What is 20a (base 15) in base 3?
122001
Convert 425 (base 12) to base 14.
313
-122102 (base 3) to base 14
-258
Convert 11201 (base 4) to base 8.
541
Convert -11704 (base 10) to base 11.
-8880
What is 13006 (base 10) in base 7?
52630
What is -3206 (base 12) in base 6?
-41210
Convert -1360 (base 12) to base 14.
-b56
What is -2601 (base 11) in base 3?
-11122112
What is a538 (base 11) in base 10?
13956
Convert -15242 (base 7) to base 3.
-12211012
-4325 (base 12) to base 11
-55a3
Convert 101110011 (base 2) to base 15.
19b
Convert -2b2a (base 16) to base 4.
-2230222
What is 8287 (base 10) in base 11?
6254
Convert -2201011 (base 4) to base 2.
-10100001000101
-11253 (base 7) to base 8
-5500
What is 13433 (base 5) in base 11?
927
What is 3cc7 (base 15) in base 11?
985a
Convert 104154 (base 7) to base 12.
a6a3
What is 210 (base 3) in base 10?
21
Convert -155213 (base 8) to base 4.
-31222023
Convert -101002 (base 3) to base 9.
-332
What is 1110100 (base 2) in base 14?
84
What is -102 (base 7) in base 5?
-201
What is -1424 (base 10) in base 4?
-112100
1003 (base 8) to base 4
20003
What is -150 (base 12) in base 2?
-11001100
Convert 1010001111001111 (base 2) to base 15.
c65a
-1211110 (base 3) to base 11
-1004
Convert 110110111101 (base 2) to base 16.
dbd
30041 (base 8) to base 3
121220100
Convert -28b8 (base 13) to base 10.
-5897
-23185 (base 10) to base 15
-6d0a
Convert -111221 (base 3) to base 2.
-101111000
What is 4047 (base 13) in base 15?
294c
110100010100110 (base 2) to base 12
13606
2024 (base 7) to base 8
1300
-312 (base 4) to base 15
-39
1136 (base 9) to base 11
6a7
Convert 341103 (base 5) to base 6.
131404
What is 3310 (base 9) in base 10?
2439
-11210000 (base 3) to base 8
-6633
1151 (base 7) to base 12
2b8
Convert 59 (base 16) to base 2.
1011001
290b (base 16) to base 12
60b7
-155163 (base 7) to base 8
-73635
What is 2596 (base 13) in base 6?
40454
What is 200120 (base 3) in base 14?
27b
Convert -158 (base 13) to base 7.
-464
1101 (base 5) to base 16
97
220 (base 11) to base 3
100210
What is 15102 (base 6) in base 2?
100101101110
What is -2001221 (base 4) in base 10?
-8297
What is -4323 (base 5) in base 13?
-363
-4146 (base 12) to base 10
-7110
What is -9dd (base 14) in base 12?
-1173
What is -14602 (base 7) in base 8?
-7745
Convert 244443 (base 5) to base 15.
2b9d
What is 15757 (base 12) in base 6?
352551
What is 1375 (base 9) in base 13?
620
-154 (base 6) to base 5
-240
What is -2310 (base 7) in base 13?
-4c8
-361 (base 11) to base 5
-3210
What is -9936 (base 14) in base 2?
-110011110001100
Convert -603 (base 10) to base 9.
-740
Convert -37268 (base 10) to base 16.
-9194
-33b (base 13) to base 5
-4212
Convert -2340 (base 14) to base 13.
-2a39
Convert -5409 (base 13) to base 5.
-333140
What is c01 (base 14) in base 13?
10c0
Convert 10000 (base 4) to base 15.
121
b0c (base 15) to base 10
2487
3023 (base 13) to base 4
1213130
What is 11967 (base 11) in base 13?
7a50
4a9 (base 16) to base 2
10010101001
-31423 (base 6) to base 13
-1c2c
Convert -4235 (base 9) to base 2.
-110000100110
What is -11101100101001 (base 2) in base 5?
-441040
-135e (base 15) to base 16
-102b
3158 (base 10) to base 5
100113
What is -2841 (base 9) in base 13?
-c8b
What is 5003 (base 7) in base 16?
6b6
Convert 456b (base 15) to base 13.
691a
What is -10020020 (base 3) in base 9?
-3206
-1a752 (base 11) to base 4
-13002313
What is -20005 (base 8) in base 10?
-8197
-304121 (base 6) to base 9
-36224
231 (base 15) to base 5
3441
Convert 11001100110 (base 2) to base 10.
1638
13565 (base 7) to base 3
12002212
-402122 (base 5) to base 16
-31f3
What is -20303 (base 4) in base 9?
-685
What is 1a (base 13) in base 7?
32
What is -10100000111 (base 2) in base 7?
-3516
-77c (base 13) to base 9
-1678
Convert -3ac (base 15) to base 6.
-3513
What is 10846 (base 12) in base 7?
120654
Convert 2180 (base 9) to base 4.
121023
What is 42553 (base 6) in base 11?
441a
Convert -1001110011 (base 2) to base 7.
-1554
Convert -1010110100 (base 2) to base 11.
-57a
1606 (base 11) to base 4
200033
Convert -513 (base 6) to base 3.
-21000
-15efc (base 16) to base 9
-146225
Convert -18ca8 (base 13) to base 3.
-2110021000
Convert 2211001 (base 4) to base 10.
10561
-210201 (base 3) to base 5
-4321
Convert -314330 (base 6) to base 5.
-1304424
Convert -215 (base 9) to base 8.
-260
105320 (base 7) to base 3
221121222
What is 3363 (base 8) in base 11?
1378
Convert 830 (base 10) to base 4.
30332
What is -1101 (base 14) in base 5?
-43231
1a5a (base 16) to base 4
1221122
Convert 62 (base 8) to base 9.
55
2271 (base 9) to base 10
1684
What is 15010 (base 6) in base 13?
1113
Convert 100101000000 (base 2) to base 14.
c12
Convert 44326 (base 8) to base 6.
222154
Convert 281e (base 16) to base 13.
48a0
-1a2 (base 15) to base 4
-11321
1000000001110 (base 2) to base 13
1b42
-458 (base 9) to base 13
-230
6696 (base 11) to base 8
21161
20 (base 12) to base 14
1a
-26088 (base 10) to base 6
-320440
Convert 413034 (base 6) to base 9.
50324
Convert 6a20 (base 13) to base 3.
202102210
What is -25043 (base 9) in base 4?
-10012212
-230013 (base 5) to base 7
-32466
Convert -311 (base 13) to base 2.
-1000001001
What is 31b (base 12) in base 2?
111000111
-2ca (base 14) to base 7
-1443
10022100 (base 3) to base 7
10014
-1110011001000 (base 2) to base 6
-54040
Convert -15201 (base 6) to base 5.
-34244
What is -1001100001010 (base 2) in base 4?
-1030022
Convert -499 (base 10) to base 3.
-200111
Convert -121012222 (base 3) to base 5.
-334300
Convert -1b3 (base 13) to base 6.
-1243
Convert -235325 (base 6) to base 11.
-14569
Convert -10188 (base 9) to base 15.
-1ed2
Convert 61032 (base 7) to base 3.
202021010
2302 (base 8) to base 15
563
What is 121 (base 3) in base 11?
15
-337 (base 12) to base 2
-111011011
-3110220 (base 4) to base 6
-143000
Convert -644 (base 10) to base 4.
-22010
1002100111 (base 3) to base 5
1141042
-111111111011 (base 2) to base 14
-16c3
Convert -1782 (base 11) to base 2.
-100011011100
Convert -221201 (base 3) to base 6.
-3114
What is 1132133 (base 5) in base 10?
20918
-203213 (base 4) to base 10
-2279
Convert 1011111 (base 4) to base 8.
10525
Convert -206 (base 7) to base 9.
-125
Convert -1792 (base 12) to base 6.
-21102
What is 1001100011001110 (base 2) in base 4?
21203032
Convert -1114 (base 6) to base 5.
-2022
11101000 (base 2) to base 11
1a1
Convert -3dc4 (base 15) to base 7.
-53404
Convert -1187 (base 9) to base 2.
-1101111001
What is 413 (base 11) in base 5?
3443
What is 42560 (base 8) in base 15?
5401
Convert 1221100 (base 3) to base 13.
849
What is 1000011 (base 2) in base 5?
232
20303 (base 4) to base 13
344
What is 224130 (base 6) in base 16?
4a76
Convert 4828 (base 10) to base 8.
11334
-577 (base 13)